{"id":237,"date":"2024-01-15T15:07:27","date_gmt":"2024-01-15T14:07:27","guid":{"rendered":"https:\/\/hulitaszeged.dyndns.org:1112\/webshop\/?post_type=product&#038;p=237"},"modified":"2024-11-25T10:44:36","modified_gmt":"2024-11-25T09:44:36","slug":"gurulos-negy-fiokos-tarolo-tobb-fajta-dekoracioval","status":"publish","type":"product","link":"https:\/\/plasztikvilag.hu\/index.php\/termek\/gurulos-negy-fiokos-tarolo-tobb-fajta-dekoracioval\/","title":{"rendered":"N\u00e9gy fi\u00f3kos t\u00e1rol\u00f3 t\u00f6bbf\u00e9le dekor\u00e1ci\u00f3val kerekes \u00e9s fixl\u00e1bas kivitelben"},"content":{"rendered":"","protected":false},"excerpt":{"rendered":"","protected":false},"featured_media":414,"template":"","meta":[],"product_brand":[],"product_cat":[34,38],"product_tag":[],"class_list":{"0":"post-237","1":"product","2":"type-product","3":"status-publish","4":"has-post-thumbnail","6":"product_cat-fiokos-tarolok","7":"product_cat-komodok","9":"first","10":"instock","11":"taxable","12":"shipping-taxable","13":"purchasable","14":"product-type-simple"},"_links":{"self":[{"href":"https:\/\/plasztikvilag.hu\/index.php\/wp-json\/wp\/v2\/product\/237","targetHints":{"allow":["GET"]}}],"collection":[{"href":"https:\/\/plasztikvilag.hu\/index.php\/wp-json\/wp\/v2\/product"}],"about":[{"href":"https:\/\/plasztikvilag.hu\/index.php\/wp-json\/wp\/v2\/types\/product"}],"wp:featuredmedia":[{"embeddable":true,"href":"https:\/\/plasztikvilag.hu\/index.php\/wp-json\/wp\/v2\/media\/414"}],"wp:attachment":[{"href":"https:\/\/plasztikvilag.hu\/index.php\/wp-json\/wp\/v2\/media?parent=237"}],"wp:term":[{"taxonomy":"product_brand","embeddable":true,"href":"https:\/\/plasztikvilag.hu\/index.php\/wp-json\/wp\/v2\/product_brand?post=237"},{"taxonomy":"product_cat","embeddable":true,"href":"https:\/\/plasztikvilag.hu\/index.php\/wp-json\/wp\/v2\/product_cat?post=237"},{"taxonomy":"product_tag","embeddable":true,"href":"https:\/\/plasztikvilag.hu\/index.php\/wp-json\/wp\/v2\/product_tag?post=237"}],"curies":[{"name":"wp","href":"https:\/\/api.w.org\/{rel}","templated":true}]}}